{"id":43,"date":"2024-04-22T17:16:01","date_gmt":"2024-04-22T15:16:01","guid":{"rendered":"https:\/\/stbstrecker.de\/das-unternehmen\/?page_id=43"},"modified":"2024-04-30T15:04:55","modified_gmt":"2024-04-30T13:04:55","slug":"team","status":"publish","type":"page","link":"https:\/\/stbstrecker.de\/das-unternehmen\/team\/","title":{"rendered":"Das Team"},"content":{"rendered":"\n    \n    <section class=\"u-clearfix u-section-2\" id=\"sec-0f9c\">\n      <div class=\"u-clearfix u-sheet u-sheet-1\">\n        <div class=\"u-container-style u-expanded-width u-group u-group-1\">\n          <div class=\"u-container-layout u-valign-top u-container-layout-1\">\n            <h1 class=\"u-text u-text-default u-text-palette-1-base u-text-1\">Willkommen bei Jochen Strecker\u200b: Ihr Partner f\u00fcr Recht und Steuern <\/h1>\n            <p class=\"u-text u-text-2\">Jochen Strecker ist eine renommierte Kanzlei, die sich auf rechtliche und steuerliche Beratung spezialisiert hat. Seit unserer Gr\u00fcndung haben wir es uns zur Aufgabe gemacht, unseren Mandanten professionelle und ma\u00dfgeschneiderte L\u00f6sungen anzubieten, um ihre rechtlichen und steuerlichen Herausforderungen erfolgreich zu bew\u00e4ltigen.<br>\n              <br>\n              <span style=\"font-weight: 700;\">Unsere Werte:<\/span>\n              <br>Unsere Mandanten stehen im Mittelpunkt unseres Handelns. Wir legen gro\u00dfen Wert auf Vertrauen, Integrit\u00e4t und Exzellenz in allem, was wir tun. Unsere engagierten Teams aus erfahrenen Rechtsanw\u00e4lten und Steuerberatern arbeiten gemeinsam daran, die bestm\u00f6glichen Ergebnisse f\u00fcr unsere Mandanten zu erzielen und ihre Ziele zu erreichen.<br>\n              <br>\n              <span style=\"font-weight: 700;\">Unser Leistungsspektrum:<\/span>\n              <br>Unsere Kanzlei bietet ein breites Spektrum an Dienstleistungen in den Bereichen Recht und Steuern an. Zu unseren Schwerpunkten geh\u00f6ren unter anderem:<br>.................................................................................................................................<br>..................................................................................................................................<br>..................................................................................................................................<br>\n              <br>\n              <span style=\"font-weight: 700;\">Unsere Mandanten:<\/span>\n              <br>Wir betreuen eine vielf\u00e4ltige Mandantschaft, darunter kleine und mittelst\u00e4ndische Unternehmen, Start-ups, Privatpersonen und internationale Konzerne. Unser Ziel ist es, langfristige Partnerschaften aufzubauen und unseren Mandanten hochwertige und individuelle Beratungsdienstleistungen anzubieten, die auf ihre spezifischen Bed\u00fcrfnisse zugeschnitten sind.Unsere ExpertiseUnsere Rechtsanw\u00e4lte und Steuerberater verf\u00fcgen \u00fcber umfangreiche Erfahrung und Fachkenntnisse in ihren jeweiligen Fachgebieten. Wir halten uns stets \u00fcber aktuelle Entwicklungen auf dem Laufenden und stellen sicher, dass wir unseren Mandanten stets fundierte und zeitgem\u00e4\u00dfe Beratung bieten k\u00f6nnen.<br>\n              <br>\n              <span style=\"font-weight: 700;\">Kontaktieren Sie uns:<\/span>\n              <br>Wenn Sie rechtliche oder steuerliche Unterst\u00fctzung ben\u00f6tigen, z\u00f6gern Sie nicht, uns zu kontaktieren. Unser Team steht Ihnen gerne zur Verf\u00fcgung und freut sich darauf, Ihnen bei der L\u00f6sung Ihrer Herausforderungen zu helfen. \n            <\/p>\n          <\/div>\n        <\/div>\n      <\/div>\n    <\/section>\n    \n    \n    \n  \n","protected":false},"excerpt":{"rendered":"<p>Willkommen bei Jochen Strecker\u200b: Ihr Partner f\u00fcr Recht und Steuern Jochen Strecker ist eine renommierte Kanzlei, die sich auf rechtliche und steuerliche Beratung spezialisiert hat. Seit unserer Gr\u00fcndung haben wir es uns zur Aufgabe gemacht, unseren Mandanten professionelle und ma\u00dfgeschneiderte L\u00f6sungen anzubieten, um ihre rechtlichen und steuerlichen Herausforderungen erfolgreich zu bew\u00e4ltigen. Unsere Werte: Unsere Mandanten &hellip; <a href=\"https:\/\/stbstrecker.de\/das-unternehmen\/team\/\" class=\"more-link\">Continue reading<span class=\"screen-reader-text\"> &#8222;Das Team&#8220;<\/span><\/a><\/p>\n","protected":false},"author":1,"featured_media":0,"parent":0,"menu_order":0,"comment_status":"closed","ping_status":"closed","template":"","meta":{"footnotes":""},"class_list":["post-43","page","type-page","status-publish","hentry"],"_links":{"self":[{"href":"https:\/\/stbstrecker.de\/das-unternehmen\/wp-json\/wp\/v2\/pages\/43","targetHints":{"allow":["GET"]}}],"collection":[{"href":"https:\/\/stbstrecker.de\/das-unternehmen\/wp-json\/wp\/v2\/pages"}],"about":[{"href":"https:\/\/stbstrecker.de\/das-unternehmen\/wp-json\/wp\/v2\/types\/page"}],"author":[{"embeddable":true,"href":"https:\/\/stbstrecker.de\/das-unternehmen\/wp-json\/wp\/v2\/users\/1"}],"replies":[{"embeddable":true,"href":"https:\/\/stbstrecker.de\/das-unternehmen\/wp-json\/wp\/v2\/comments?post=43"}],"version-history":[{"count":3,"href":"https:\/\/stbstrecker.de\/das-unternehmen\/wp-json\/wp\/v2\/pages\/43\/revisions"}],"predecessor-version":[{"id":57,"href":"https:\/\/stbstrecker.de\/das-unternehmen\/wp-json\/wp\/v2\/pages\/43\/revisions\/57"}],"wp:attachment":[{"href":"https:\/\/stbstrecker.de\/das-unternehmen\/wp-json\/wp\/v2\/media?parent=43"}],"curies":[{"name":"wp","href":"https:\/\/api.w.org\/{rel}","templated":true}]}}