{"id":45,"date":"2024-04-22T17:17:13","date_gmt":"2024-04-22T15:17:13","guid":{"rendered":"https:\/\/stbstrecker.de\/das-unternehmen\/?page_id=45"},"modified":"2024-04-30T13:38:42","modified_gmt":"2024-04-30T11:38:42","slug":"karriere","status":"publish","type":"page","link":"https:\/\/stbstrecker.de\/das-unternehmen\/karriere\/","title":{"rendered":"Karriere &#8211; Arbeiten bei uns"},"content":{"rendered":"\n    \n    <section class=\"u-clearfix u-section-2\" id=\"sec-e018\">\n      <div class=\"u-clearfix u-sheet u-sheet-1\">\n        <div class=\"u-container-style u-expanded-width u-group u-shape-rectangle u-group-1\">\n          <div class=\"u-container-layout u-valign-bottom u-container-layout-1\">\n            <h1 class=\"u-text u-text-default u-text-palette-1-base u-text-1\">Karriere - Arbeiten bei uns<\/h1>\n            <p class=\"u-text u-text-default u-text-2\">Wir sind stolz darauf, ein dynamisches Team bei Rechtsanwalt und Steuerberater Jochen Strecker zu sein, das sich durch Fachkompetenz, Engagement und Teamarbeit auszeichnet.&nbsp;<br>\n              <br>Als etablierte Kanzlei legen wir besonderen Wert darauf, talentierte und motivierte Fachkr\u00e4fte zu gewinnen, die unsere Werte teilen und unseren Mandanten herausragenden Service bieten k\u00f6nnen. Unsere Arbeitskultur ist gepr\u00e4gt von Zusammenarbeit, Professionalit\u00e4t und Wachstum. Wir sch\u00e4tzen die Vielfalt der Perspektiven und F\u00e4higkeiten unserer Mitarbeiter und f\u00f6rdern eine offene und unterst\u00fctzende Arbeitsumgebung.&nbsp;<br>\n              <br>Bei uns haben Sie die M\u00f6glichkeit, sich fachlich weiterzuentwickeln, Verantwortung zu \u00fcbernehmen und einen positiven Einfluss auf unsere Mandanten und die Gemeinschaft zu nehmen.&nbsp;<br>\n              <br>\n              <span style=\"font-weight: 700;\">Ihre Karriere bei Jochen Strecker<\/span>\n              <br>Wir sind stets auf der Suche nach talentierten Fachkr\u00e4ften, die unser Team verst\u00e4rken m\u00f6chten. Unabh\u00e4ngig davon, ob Sie gerade Ihre Ausbildung abgeschlossen haben oder bereits \u00fcber Erfahrung in der Branche verf\u00fcgen, bieten wir Ihnen die M\u00f6glichkeit, Ihre F\u00e4higkeiten einzubringen und sich beruflich weiterzuentwickeln.<br>\n              <br>\n              <span style=\"font-weight: 700;\">Was wir bieten:<\/span>\n              <br>\n              <br>\n              <span style=\"font-weight: 700;\">Berufliche Entwicklung:&nbsp;<\/span>\n              <br>Bei Strecker &amp; Partner unterst\u00fctzen wir Ihre berufliche Entwicklung durch gezielte Weiterbildungsma\u00dfnahmen und Mentoring-Programme.<br>\n              <br>\n              <span style=\"font-weight: 700;\">Attraktive Verg\u00fctung:<\/span>&nbsp;<br>Wir honorieren Ihre Leistung und bieten eine wettbewerbsf\u00e4hige Verg\u00fctung sowie attraktive Zusatzleistungen.&nbsp;<br>\n              <br>\n              <span style=\"font-weight: 700;\">Work-Life-Balance:<\/span>&nbsp;<br>Wir wissen, wie wichtig eine ausgewogene Work-Life-Balance ist, und bieten flexible Arbeitszeiten sowie die M\u00f6glichkeit, teilweise remote zu arbeiten.<br>\n              <br>\n              <span style=\"font-weight: 700;\">Teamkultur:<\/span>&nbsp;<br>Wir legen Wert auf Zusammenarbeit und Teamwork und schaffen eine positive und unterst\u00fctzende Arbeitsumgebung.<br>\n              <br>\n              <span style=\"font-weight: 700;\">Offene Stellen:&nbsp;<\/span>\n              <br>Bewerben Sie sich noch heute, um Teil unseres Teams zu werden. Wir freuen uns darauf, Sie kennenzulernen und gemeinsam mit Ihnen die Zukunft von uns zu gestalten. \n            <\/p>\n          <\/div>\n        <\/div>\n      <\/div>\n    <\/section>\n    \n    \n    \n  \n","protected":false},"excerpt":{"rendered":"<p>Karriere &#8211; Arbeiten bei uns Wir sind stolz darauf, ein dynamisches Team bei Rechtsanwalt und Steuerberater Jochen Strecker zu sein, das sich durch Fachkompetenz, Engagement und Teamarbeit auszeichnet.&nbsp; Als etablierte Kanzlei legen wir besonderen Wert darauf, talentierte und motivierte Fachkr\u00e4fte zu gewinnen, die unsere Werte teilen und unseren Mandanten herausragenden Service bieten k\u00f6nnen. Unsere Arbeitskultur &hellip; <a href=\"https:\/\/stbstrecker.de\/das-unternehmen\/karriere\/\" class=\"more-link\">Continue reading<span class=\"screen-reader-text\"> &#8222;Karriere &#8211; Arbeiten bei uns&#8220;<\/span><\/a><\/p>\n","protected":false},"author":1,"featured_media":0,"parent":0,"menu_order":0,"comment_status":"closed","ping_status":"closed","template":"","meta":{"footnotes":""},"class_list":["post-45","page","type-page","status-publish","hentry"],"_links":{"self":[{"href":"https:\/\/stbstrecker.de\/das-unternehmen\/wp-json\/wp\/v2\/pages\/45","targetHints":{"allow":["GET"]}}],"collection":[{"href":"https:\/\/stbstrecker.de\/das-unternehmen\/wp-json\/wp\/v2\/pages"}],"about":[{"href":"https:\/\/stbstrecker.de\/das-unternehmen\/wp-json\/wp\/v2\/types\/page"}],"author":[{"embeddable":true,"href":"https:\/\/stbstrecker.de\/das-unternehmen\/wp-json\/wp\/v2\/users\/1"}],"replies":[{"embeddable":true,"href":"https:\/\/stbstrecker.de\/das-unternehmen\/wp-json\/wp\/v2\/comments?post=45"}],"version-history":[{"count":3,"href":"https:\/\/stbstrecker.de\/das-unternehmen\/wp-json\/wp\/v2\/pages\/45\/revisions"}],"predecessor-version":[{"id":56,"href":"https:\/\/stbstrecker.de\/das-unternehmen\/wp-json\/wp\/v2\/pages\/45\/revisions\/56"}],"wp:attachment":[{"href":"https:\/\/stbstrecker.de\/das-unternehmen\/wp-json\/wp\/v2\/media?parent=45"}],"curies":[{"name":"wp","href":"https:\/\/api.w.org\/{rel}","templated":true}]}}